{"id":4330,"date":"2021-11-16T19:43:48","date_gmt":"2021-11-16T16:43:48","guid":{"rendered":"http:\/\/rossahomeconcept.com\/?page_id=4330"},"modified":"2021-11-17T19:23:38","modified_gmt":"2021-11-17T16:23:38","slug":"vignette","status":"publish","type":"page","link":"http:\/\/rossahomeconcept.com\/index.php\/vignette\/","title":{"rendered":"Vignette"},"content":{"rendered":"<div id='fullscreen_slider_1'  class='avia-fullscreen-slider main_color   avia-builder-el-0  el_before_av_layout_row  avia-builder-el-first   container_wrap sidebar_right' style=' '  ><div   data-size='extra_large'  data-lightbox_size='large'  data-animation='slide'  data-conditional_play=''  data-ids='4336'  data-video_counter='0'  data-autoplay='false'  data-bg_slider='true'  data-slide_height='100'  data-handle='av_fullscreen'  data-interval='5'  data-class=' '  data-el_id=''  data-css_id='fullscreen_slider_1'  data-scroll_down=''  data-control_layout='av-control-hidden'  data-custom_markup=''  data-perma_caption=''  data-autoplay_stopper=''  data-image_attachment='scroll'  data-min_height='0px'  data-stretch=''  data-default-height='100'  class='avia-slideshow avia-slideshow-1  av-control-hidden av-default-height-applied avia-slideshow-extra_large av_fullscreen   avia-slide-slider '  itemprop=\"image\" itemscope=\"itemscope\" itemtype=\"https:\/\/schema.org\/ImageObject\" ><ul class='avia-slideshow-inner ' style='padding-bottom: 41.666666666667%;' ><li style='background-position:center center;' data-img-url='http:\/\/rossahomeconcept.com\/wp-content\/uploads\/2021\/11\/vignette-hero-1500x625.jpg' class=' av-single-slide slide-1 ' ><div data-rel='slideshow-1' class='avia-slide-wrap '   ><\/div><\/li><\/ul><\/div><\/div>\n<div id='av-layout-grid-1'  class='av-layout-grid-container entry-content-wrapper main_color av-flex-cells     avia-builder-el-1  el_after_av_fullscreen  el_before_av_layout_row  submenu-not-first container_wrap sidebar_right' style=' '  >\n<div class=\"flex_cell no_margin av_one_fifth  avia-builder-el-2  el_before_av_cell_three_fifth  avia-builder-el-first   \" ><div class='flex_cell_inner' ><\/div><\/div><div class=\"flex_cell no_margin av_three_fifth  avia-builder-el-3  el_after_av_cell_one_fifth  el_before_av_cell_one_fifth   \" ><div class='flex_cell_inner' ><section class=\"av_textblock_section \"  itemscope=\"itemscope\" itemtype=\"https:\/\/schema.org\/CreativeWork\" ><div class='avia_textblock  '   itemprop=\"text\" ><p>Vignette\u00ae Modern Roman G\u00f6lgeler, pencereye temiz, canl\u0131 bir g\u00f6r\u00fcn\u00fcm sa\u011flamak i\u00e7in gelen \u0131\u015f\u0131\u011f\u0131 d\u00f6n\u00fc\u015ft\u00fcren g\u00f6rkemli kuma\u015flarla \u00fcretilmi\u015ftir, b\u00f6ylece mekan\u0131n\u0131z\u0131n g\u00fczelli\u011finin ve cazibesinin keyfini daha da fazla \u00e7\u0131karabilirsiniz.<\/p>\n<\/div><\/section>\n<\/div><\/div><div class=\"flex_cell no_margin av_one_fifth  avia-builder-el-5  el_after_av_cell_three_fifth  avia-builder-el-last   \"  style='vertical-align:top; padding:30px; ' ><div class='flex_cell_inner' ><\/div><\/div>\n<\/div>\n<div id='av-layout-grid-2'  class='av-layout-grid-container entry-content-wrapper main_color av-flex-cells     avia-builder-el-6  el_after_av_layout_row  el_before_av_layout_row  submenu-not-first container_wrap sidebar_right' style=' '  >\n<div class=\"flex_cell no_margin av_one_half  avia-builder-el-7  el_before_av_cell_one_half  avia-builder-el-first   \"  style='vertical-align:middle; padding:30px 50px 30px 50px ; ' ><div class='flex_cell_inner' ><section class=\"av_textblock_section \"  itemscope=\"itemscope\" itemtype=\"https:\/\/schema.org\/CreativeWork\" ><div class='avia_textblock  '   itemprop=\"text\" ><div class=\"transition ng-star-inserted done-transitioning\">\n<h2 style=\"text-align: center;\">M\u00dcKEMMEL ROMAN<\/h2>\n<p style=\"text-align: center;\">Sade, d\u00fczenli ve zarif bir \u015fekilde uyarlanm\u0131\u015ft\u0131r. D\u00fcz veya k\u0131vr\u0131ml\u0131 k\u0131vr\u0131mlara sahip her Vignette Modern Roman G\u00f6lgelik, a\u00e7\u0131kta kalan arka kordonlar olmadan tek tip, canl\u0131 ve kusursuz bir g\u00f6r\u00fcn\u00fcm i\u00e7in tasarlanm\u0131\u015ft\u0131r.<\/p>\n<\/div>\n<\/div><\/section>\n<\/div><\/div><div class=\"flex_cell no_margin av_one_half  avia-builder-el-9  el_after_av_cell_one_half  avia-builder-el-last   av-zero-padding \"  style='vertical-align:middle; padding:0; ' ><div class='flex_cell_inner' ><div  class='avia-image-container  av-styling-    avia-builder-el-10  avia-builder-el-no-sibling  avia-align-center '  itemprop=\"image\" itemscope=\"itemscope\" itemtype=\"https:\/\/schema.org\/ImageObject\"  ><div class='avia-image-container-inner'><div class='avia-image-overlay-wrap'><img class='avia_image' src='http:\/\/rossahomeconcept.com\/wp-content\/uploads\/2021\/11\/vignette-roman-shades_1.jpg' alt='' title='vignette-roman-shades_1' height=\"1000\" width=\"1500\"  itemprop=\"thumbnailUrl\"  \/><\/div><\/div><\/div>\n<\/div><\/div>\n<\/div>\n<div id='av-layout-grid-3'  class='av-layout-grid-container entry-content-wrapper main_color av-flex-cells     avia-builder-el-11  el_after_av_layout_row  el_before_av_layout_row  submenu-not-first container_wrap sidebar_right' style=' '  >\n<div class=\"flex_cell no_margin av_one_half  avia-builder-el-12  el_before_av_cell_one_half  avia-builder-el-first   av-zero-padding \"  style='vertical-align:middle; padding:0px; ' ><div class='flex_cell_inner' ><div  class='avia-image-container  av-styling-    avia-builder-el-13  avia-builder-el-no-sibling  avia-align-center '  itemprop=\"image\" itemscope=\"itemscope\" itemtype=\"https:\/\/schema.org\/ImageObject\"  ><div class='avia-image-container-inner'><div class='avia-image-overlay-wrap'><img class='avia_image' src='http:\/\/rossahomeconcept.com\/wp-content\/uploads\/2021\/11\/vignette-duolite.jpg' alt='' title='vignette-duolite' height=\"1000\" width=\"1500\"  itemprop=\"thumbnailUrl\"  \/><\/div><\/div><\/div>\n<\/div><\/div><div class=\"flex_cell no_margin av_one_half  avia-builder-el-14  el_after_av_cell_one_half  avia-builder-el-last   \"  style='vertical-align:middle; padding:30px 50px 30px 50px ; ' ><div class='flex_cell_inner' ><section class=\"av_textblock_section \"  itemscope=\"itemscope\" itemtype=\"https:\/\/schema.org\/CreativeWork\" ><div class='avia_textblock  '   itemprop=\"text\" ><h2 style=\"text-align: center;\">I\u015eIK VE KARANLI\u011eIN EN \u0130Y\u0130S\u0130 \u0130\u00c7\u0130N<\/h2>\n<p style=\"text-align: center;\">I\u015f\u0131k filtreli veya \u015feffaf \u00f6n g\u00f6lgeli\u011fi, her ikisi de tek bir silindir \u00fczerinde yuvarlanan, oday\u0131 karartan bir arka panelle birle\u015ftiren bir sistem olan Vignette Duolite\u00ae ile kendinize nihai kontrol\u00fc verin. Evinizdeki \u0131\u015f\u0131\u011f\u0131 ve mahremiyeti kontrol etmek i\u00e7in ideal bir se\u00e7enektir.<\/p>\n<\/div><\/section>\n<\/div><\/div>\n<\/div>\n<div id='av-layout-grid-4'  class='av-layout-grid-container entry-content-wrapper main_color av-flex-cells     avia-builder-el-16  el_after_av_layout_row  el_before_av_layout_row  submenu-not-first container_wrap sidebar_right' style=' '  >\n<div class=\"flex_cell no_margin av_one_half  avia-builder-el-17  el_before_av_cell_one_half  avia-builder-el-first   \"  style='vertical-align:middle; padding:30px 50px 30px 50px ; ' ><div class='flex_cell_inner' ><section class=\"av_textblock_section \"  itemscope=\"itemscope\" itemtype=\"https:\/\/schema.org\/CreativeWork\" ><div class='avia_textblock  '   itemprop=\"text\" ><h2 style=\"text-align: center;\">\u00dcST\u00dcN KUMA\u015eLAR \u0130\u00c7\u0130N<\/h2>\n<p style=\"text-align: center;\">Pencerelerinizin g\u00f6r\u00fcn\u00fcm\u00fcyle gurur duyun. L\u00fcks doku ve renklerde birinci s\u0131n\u0131f kuma\u015flar\u0131m\u0131z, \u015feffaftan oda karartmas\u0131na kadar \u00e7e\u015fitli opakl\u0131klarda sunulmaktad\u0131r.<\/p>\n<\/div><\/section>\n<\/div><\/div><div class=\"flex_cell no_margin av_one_half  avia-builder-el-19  el_after_av_cell_one_half  avia-builder-el-last   av-zero-padding \"  style='vertical-align:middle; padding:0; ' ><div class='flex_cell_inner' ><div  class='avia-image-container  av-styling-    avia-builder-el-20  avia-builder-el-no-sibling  avia-align-center '  itemprop=\"image\" itemscope=\"itemscope\" itemtype=\"https:\/\/schema.org\/ImageObject\"  ><div class='avia-image-container-inner'><div class='avia-image-overlay-wrap'><img class='avia_image' src='http:\/\/rossahomeconcept.com\/wp-content\/uploads\/2021\/11\/vignette-fabrics.jpg' alt='' title='vignette-fabrics' height=\"1000\" width=\"1500\"  itemprop=\"thumbnailUrl\"  \/><\/div><\/div><\/div>\n<\/div><\/div>\n<\/div>\n<div id='av-layout-grid-5'  class='av-layout-grid-container entry-content-wrapper main_color av-flex-cells     avia-builder-el-21  el_after_av_layout_row  el_before_av_codeblock  submenu-not-first container_wrap sidebar_right' style=' '  >\n<div class=\"flex_cell no_margin av_one_half  avia-builder-el-22  el_before_av_cell_one_half  avia-builder-el-first   \"  style='vertical-align:middle; padding:30px 50px 30px 50px ; ' ><div class='flex_cell_inner' ><section class=\"av_textblock_section \"  itemscope=\"itemscope\" itemtype=\"https:\/\/schema.org\/CreativeWork\" ><div class='avia_textblock  '   itemprop=\"text\" ><h2 style=\"text-align: center;\">\u00dcST\u00dcN KUMA\u015eLAR \u0130\u00c7\u0130N<\/h2>\n<p style=\"text-align: center;\">Pencerelerinizin g\u00f6r\u00fcn\u00fcm\u00fcyle gurur duyun. L\u00fcks doku ve renklerde birinci s\u0131n\u0131f kuma\u015flar\u0131m\u0131z, \u015feffaftan oda karartmas\u0131na kadar \u00e7e\u015fitli opakl\u0131klarda sunulmaktad\u0131r.<\/p>\n<\/div><\/section>\n<\/div><\/div><div class=\"flex_cell no_margin av_one_half  avia-builder-el-24  el_after_av_cell_one_half  avia-builder-el-last   av-zero-padding \"  style='vertical-align:middle; padding:0; ' ><div class='flex_cell_inner' ><div  class='avia-image-container  av-styling-    avia-builder-el-25  avia-builder-el-no-sibling  avia-align-center '  itemprop=\"image\" itemscope=\"itemscope\" itemtype=\"https:\/\/schema.org\/ImageObject\"  ><div class='avia-image-container-inner'><div class='avia-image-overlay-wrap'><img class='avia_image' src='http:\/\/rossahomeconcept.com\/wp-content\/uploads\/2021\/11\/vignette-fabrics.jpg' alt='' title='vignette-fabrics' height=\"1000\" width=\"1500\"  itemprop=\"thumbnailUrl\"  \/><\/div><\/div><\/div>\n<\/div><\/div>\n<\/div><div id='after_submenu_5'  class='main_color av_default_container_wrap container_wrap sidebar_right' style=' '  ><div class='container' ><div class='template-page content  av-content-small alpha units'><div class='post-entry post-entry-type-page post-entry-4330'><div class='entry-content-wrapper clearfix'>\n\n\n","protected":false},"excerpt":{"rendered":"","protected":false},"author":1,"featured_media":0,"parent":0,"menu_order":0,"comment_status":"closed","ping_status":"closed","template":"","meta":{"footnotes":""},"class_list":["post-4330","page","type-page","status-publish","hentry"],"_links":{"self":[{"href":"http:\/\/rossahomeconcept.com\/index.php\/wp-json\/wp\/v2\/pages\/4330","targetHints":{"allow":["GET"]}}],"collection":[{"href":"http:\/\/rossahomeconcept.com\/index.php\/wp-json\/wp\/v2\/pages"}],"about":[{"href":"http:\/\/rossahomeconcept.com\/index.php\/wp-json\/wp\/v2\/types\/page"}],"author":[{"embeddable":true,"href":"http:\/\/rossahomeconcept.com\/index.php\/wp-json\/wp\/v2\/users\/1"}],"replies":[{"embeddable":true,"href":"http:\/\/rossahomeconcept.com\/index.php\/wp-json\/wp\/v2\/comments?post=4330"}],"version-history":[{"count":17,"href":"http:\/\/rossahomeconcept.com\/index.php\/wp-json\/wp\/v2\/pages\/4330\/revisions"}],"predecessor-version":[{"id":4403,"href":"http:\/\/rossahomeconcept.com\/index.php\/wp-json\/wp\/v2\/pages\/4330\/revisions\/4403"}],"wp:attachment":[{"href":"http:\/\/rossahomeconcept.com\/index.php\/wp-json\/wp\/v2\/media?parent=4330"}],"curies":[{"name":"wp","href":"https:\/\/api.w.org\/{rel}","templated":true}]}}