{"id":3949,"date":"2021-10-22T14:25:21","date_gmt":"2021-10-22T11:25:21","guid":{"rendered":"http:\/\/rossahomeconcept.com\/?page_id=3949"},"modified":"2021-11-07T16:51:33","modified_gmt":"2021-11-07T13:51:33","slug":"motorized-operating-systems","status":"publish","type":"page","link":"http:\/\/rossahomeconcept.com\/index.php\/motorized-operating-systems\/","title":{"rendered":"Motorized Operating Systems"},"content":{"rendered":"<div id='av-layout-grid-1'  class='av-layout-grid-container entry-content-wrapper main_color av-flex-cells     avia-builder-el-0  el_before_av_layout_row  avia-builder-el-first  container_wrap sidebar_right' style=' '  >\n<div class=\"flex_cell no_margin av_one_third  avia-builder-el-1  el_before_av_cell_one_third  avia-builder-el-first   \" ><div class='flex_cell_inner' ><\/div><\/div><div class=\"flex_cell no_margin av_one_third  avia-builder-el-2  el_after_av_cell_one_third  el_before_av_cell_one_third   \"  style='vertical-align:top; padding:20px 30px 0px 30px ; ' ><div class='flex_cell_inner' ><section class=\"av_textblock_section \"  itemscope=\"itemscope\" itemtype=\"https:\/\/schema.org\/CreativeWork\" ><div class='avia_textblock  '   itemprop=\"text\" ><h1 class=\"header-title\" style=\"text-align: center;\">MOTORLU PERDE S\u0130STEMLER\u0130<\/h1>\n<\/div><\/section>\n<\/div><\/div><div class=\"flex_cell no_margin av_one_third  avia-builder-el-4  el_after_av_cell_one_third  avia-builder-el-last   \"  style='vertical-align:top; padding:30px; ' ><div class='flex_cell_inner' ><\/div><\/div><\/div><div id='av-layout-grid-2'  class='av-layout-grid-container entry-content-wrapper main_color av-flex-cells     avia-builder-el-5  el_after_av_layout_row  el_before_av_layout_row  submenu-not-first container_wrap sidebar_right' style=' '  >\n<div class=\"flex_cell no_margin av_one_full  avia-builder-el-6  avia-builder-el-no-sibling   av-zero-padding \"  style='vertical-align:top; padding:0; ' ><div class='flex_cell_inner' ><div   class='hr hr-default   avia-builder-el-7  avia-builder-el-no-sibling '><span class='hr-inner ' ><span class='hr-inner-style'><\/span><\/span><\/div>\n<\/div><\/div>\n<\/div><\/p>\n<div id='av-layout-grid-3'  class='av-layout-grid-container entry-content-wrapper main_color av-flex-cells     avia-builder-el-8  el_after_av_layout_row  el_before_av_layout_row  submenu-not-first container_wrap sidebar_right' style=' '  >\n<div class=\"flex_cell no_margin av_one_fifth  avia-builder-el-9  el_before_av_cell_three_fifth  avia-builder-el-first   \"  style='vertical-align:top; padding:30px; ' ><div class='flex_cell_inner' ><\/div><\/div><div class=\"flex_cell no_margin av_three_fifth  avia-builder-el-10  el_after_av_cell_one_fifth  el_before_av_cell_one_fifth   \"  style='vertical-align:top; padding:10px 30px 10px 30px ; ' ><div class='flex_cell_inner' ><section class=\"av_textblock_section \"  itemscope=\"itemscope\" itemtype=\"https:\/\/schema.org\/CreativeWork\" ><div class='avia_textblock  '   itemprop=\"text\" ><p style=\"text-align: center;\">Hayat\u0131n\u0131z\u0131 kolayla\u015ft\u0131rmak i\u00e7in tasarlanm\u0131\u015f \u00f6d\u00fcll\u00fc teknoloji<\/p>\n<\/div><\/section>\n<\/div><\/div><div class=\"flex_cell no_margin av_one_fifth  avia-builder-el-12  el_after_av_cell_three_fifth  avia-builder-el-last   \"  style='vertical-align:top; padding:30px; ' ><div class='flex_cell_inner' ><\/div><\/div><\/div><div id='av-layout-grid-4'  class='av-layout-grid-container entry-content-wrapper main_color av-flex-cells     avia-builder-el-13  el_after_av_layout_row  el_before_av_layout_row  container submenu-not-first container_wrap sidebar_right' style=' '  >\n<div class=\"flex_cell no_margin av_one_fifth  avia-builder-el-14  el_before_av_cell_three_fifth  avia-builder-el-first   \" ><div class='flex_cell_inner' ><\/div><\/div><div class=\"flex_cell no_margin av_three_fifth  avia-builder-el-15  el_after_av_cell_one_fifth  el_before_av_cell_one_fifth   \"  style='vertical-align:top; padding:30px; ' ><div class='flex_cell_inner' ><p><div  class='avia-image-container  av-styling-    avia-builder-el-16  el_before_av_textblock  avia-builder-el-first  avia-align-center '  itemprop=\"image\" itemscope=\"itemscope\" itemtype=\"https:\/\/schema.org\/ImageObject\"  ><div class='avia-image-container-inner'><div class='avia-image-overlay-wrap'><img class='avia_image' src='http:\/\/rossahomeconcept.com\/wp-content\/uploads\/2021\/10\/2.jpg' alt='' title='2' height=\"400\" width=\"800\"  itemprop=\"thumbnailUrl\"  \/><\/div><\/div><\/div><br \/>\n<section class=\"av_textblock_section \"  itemscope=\"itemscope\" itemtype=\"https:\/\/schema.org\/CreativeWork\" ><div class='avia_textblock  '   itemprop=\"text\" ><h3>SOFTTOUCH<sup>\u00ae<\/sup>\u00a0MOTORIZATION<\/h3>\n<\/div><\/section><br \/>\n<section class=\"av_textblock_section \"  itemscope=\"itemscope\" itemtype=\"https:\/\/schema.org\/CreativeWork\" ><div class='avia_textblock  '   itemprop=\"text\" ><p><span class=\"ng-star-inserted\">This battery-powered system allows for quick touch-and-go functionality. Move your shades by gently pulling down or pushing up on the wand. Tangled cords are a thing of the past, making the SoftTouch<sup>\u00ae<\/sup>\u00a0Motorization system an ideal option for homes with pets and children.<\/span>\u00a0<a href=\"https:\/\/www.hunterdouglas.com\/operating-systems\/motorized\/softtouch-motorization\">Learn more about\u00a0SoftTouch<sup>\u00ae<\/sup><\/a><\/p>\n<\/div><\/section><\/p>\n<\/div><\/div><div class=\"flex_cell no_margin av_one_fifth  avia-builder-el-19  el_after_av_cell_three_fifth  avia-builder-el-last   \"  style='vertical-align:top; padding:30px; ' ><div class='flex_cell_inner' ><\/div><\/div>\n<\/div><\/p>\n<div id='av-layout-grid-5'  class='av-layout-grid-container entry-content-wrapper main_color av-flex-cells     avia-builder-el-20  el_after_av_layout_row  el_before_av_layout_row  container submenu-not-first container_wrap sidebar_right' style=' '  >\n<div class=\"flex_cell no_margin av_one_fifth  avia-builder-el-21  el_before_av_cell_three_fifth  avia-builder-el-first   \" ><div class='flex_cell_inner' ><\/div><\/div><div class=\"flex_cell no_margin av_three_fifth  avia-builder-el-22  el_after_av_cell_one_fifth  el_before_av_cell_one_fifth   \"  style='vertical-align:top; padding:30px; ' ><div class='flex_cell_inner' ><p><div  class='avia-image-container  av-styling-    avia-builder-el-23  el_before_av_textblock  avia-builder-el-first  avia-align-center '  itemprop=\"image\" itemscope=\"itemscope\" itemtype=\"https:\/\/schema.org\/ImageObject\"  ><div class='avia-image-container-inner'><div class='avia-image-overlay-wrap'><img class='avia_image' src='http:\/\/rossahomeconcept.com\/wp-content\/uploads\/2021\/10\/1-1.jpg' alt='' title='1' height=\"400\" width=\"800\"  itemprop=\"thumbnailUrl\"  \/><\/div><\/div><\/div><br \/>\n<section class=\"av_textblock_section \"  itemscope=\"itemscope\" itemtype=\"https:\/\/schema.org\/CreativeWork\" ><div class='avia_textblock  '   itemprop=\"text\" ><h3>POWERVIEW OTOMASYONU<\/h3>\n<p>Yenilik\u00e7i PowerView\u00ae sistemimizle, ister evde ister d\u0131\u015far\u0131da olun, gece veya g\u00fcnd\u00fcz ayarlad\u0131\u011f\u0131n\u0131z programlara g\u00f6re g\u00f6lgelerinizi hareket ettirebilirsiniz. PowerView g\u00f6lgelerini tabletiniz, ak\u0131ll\u0131 telefonunuz veya \u00e7ok \u00e7e\u015fitli renklerde bulunan \u015f\u0131k Pebble\u00ae Remote&#8217;umuzla \u00e7al\u0131\u015ft\u0131r\u0131n. PowerView, \u00fcst\u00fcn rahatl\u0131k i\u00e7in ak\u0131ll\u0131 ev sistemleriyle de uyumludur. PowerView\u00ae hakk\u0131nda daha fazla bilgi edinin<\/p>\n<\/div><\/section><\/p>\n<\/div><\/div><div class=\"flex_cell no_margin av_one_fifth  avia-builder-el-25  el_after_av_cell_three_fifth  avia-builder-el-last   \"  style='vertical-align:top; padding:30px; ' ><div class='flex_cell_inner' ><\/div><\/div><\/div><div id='av-layout-grid-6'  class='av-layout-grid-container entry-content-wrapper main_color av-flex-cells     avia-builder-el-26  el_after_av_layout_row  el_before_av_layout_row  container submenu-not-first container_wrap sidebar_right' style=' '  >\n<div class=\"flex_cell no_margin av_one_fifth  avia-builder-el-27  el_before_av_cell_three_fifth  avia-builder-el-first   \" ><div class='flex_cell_inner' ><\/div><\/div><div class=\"flex_cell no_margin av_three_fifth  avia-builder-el-28  el_after_av_cell_one_fifth  el_before_av_cell_one_fifth   \"  style='vertical-align:top; padding:30px; ' ><div class='flex_cell_inner' ><p><div  class='avia-image-container  av-styling-    avia-builder-el-29  el_before_av_textblock  avia-builder-el-first  avia-align-center '  itemprop=\"image\" itemscope=\"itemscope\" itemtype=\"https:\/\/schema.org\/ImageObject\"  ><div class='avia-image-container-inner'><div class='avia-image-overlay-wrap'><img class='avia_image' src='http:\/\/rossahomeconcept.com\/wp-content\/uploads\/2021\/10\/2.jpg' alt='' title='2' height=\"400\" width=\"800\"  itemprop=\"thumbnailUrl\"  \/><\/div><\/div><\/div><br \/>\n<section class=\"av_textblock_section \"  itemscope=\"itemscope\" itemtype=\"https:\/\/schema.org\/CreativeWork\" ><div class='avia_textblock  '   itemprop=\"text\" ><h3 style=\"text-align: left;\">SOFTTOUCH MOTOR\u0130ZASYONU<\/h3>\n<p>Pille \u00e7al\u0131\u015fan bu sistem, h\u0131zl\u0131 dokun ve git i\u015flevine izin verir. Asay\u0131 hafif\u00e7e a\u015fa\u011f\u0131 \u00e7ekerek veya yukar\u0131 iterek g\u00f6lgelerinizi hareket ettirin. Kar\u0131\u015f\u0131k kablolar ge\u00e7mi\u015fte kald\u0131 ve SoftTouch\u00ae Motorizasyon sistemini evcil hayvan ve \u00e7ocuklar\u0131n bulundu\u011fu evler i\u00e7in ideal bir se\u00e7enek haline getiriyor. SoftTouch\u00ae hakk\u0131nda daha fazla bilgi edinin<\/p>\n<\/div><\/section><\/p>\n<\/div><\/div><div class=\"flex_cell no_margin av_one_fifth  avia-builder-el-31  el_after_av_cell_three_fifth  avia-builder-el-last   \"  style='vertical-align:top; padding:30px; ' ><div class='flex_cell_inner' ><\/div><\/div><\/div><div id='av-layout-grid-7'  class='av-layout-grid-container entry-content-wrapper main_color av-flex-cells     avia-builder-el-32  el_after_av_layout_row  el_before_av_layout_row  container submenu-not-first container_wrap sidebar_right' style=' '  >\n<div class=\"flex_cell no_margin av_one_fifth  avia-builder-el-33  el_before_av_cell_three_fifth  avia-builder-el-first   \" ><div class='flex_cell_inner' ><\/div><\/div><div class=\"flex_cell no_margin av_three_fifth  avia-builder-el-34  el_after_av_cell_one_fifth  el_before_av_cell_one_fifth   \"  style='vertical-align:top; padding:30px; ' ><div class='flex_cell_inner' ><p><div  class='avia-image-container  av-styling-    avia-builder-el-35  el_before_av_textblock  avia-builder-el-first  avia-align-center '  itemprop=\"image\" itemscope=\"itemscope\" itemtype=\"https:\/\/schema.org\/ImageObject\"  ><div class='avia-image-container-inner'><div class='avia-image-overlay-wrap'><img class='avia_image' src='http:\/\/rossahomeconcept.com\/wp-content\/uploads\/2021\/10\/3.jpg' alt='' title='3' height=\"400\" width=\"800\"  itemprop=\"thumbnailUrl\"  \/><\/div><\/div><\/div><br \/>\n<section class=\"av_textblock_section \"  itemscope=\"itemscope\" itemtype=\"https:\/\/schema.org\/CreativeWork\" ><div class='avia_textblock  '   itemprop=\"text\" ><h3>YUKARIDAN A\u015eA\u011eIYA\/A\u015eA\u011eIDAN YUKARIYA<\/h3>\n<p>I\u015f\u0131\u011f\u0131, uygun g\u00f6rd\u00fc\u011f\u00fcn\u00fcz \u015fekilde, yukar\u0131dan, a\u015fa\u011f\u0131dan veya Yukar\u0131dan A\u015fa\u011f\u0131ya\/A\u015fa\u011f\u0131dan Yukar\u0131ya sistemiyle birlikte evinize y\u00f6nlendirin. Pencere tedavilerinizi istedi\u011finiz gibi konumland\u0131rabilir, evinizdeki \u0131\u015f\u0131k dengesini ve mahremiyetini ihtiya\u00e7lar\u0131n\u0131za g\u00f6re \u00f6zelle\u015ftirebilirsiniz. Manuel veya PowerView\u00ae Otomasyonu dahil olmak \u00fczere \u00e7e\u015fitli i\u015fletim sistemi se\u00e7enekleri aras\u0131ndan se\u00e7im yap\u0131n. Yukar\u0131dan A\u015fa\u011f\u0131ya\/A\u015fa\u011f\u0131dan Yukar\u0131ya hakk\u0131nda daha fazla bilgi edinin<\/p>\n<\/div><\/section><\/p>\n<\/div><\/div><div class=\"flex_cell no_margin av_one_fifth  avia-builder-el-37  el_after_av_cell_three_fifth  avia-builder-el-last   \"  style='vertical-align:top; padding:30px; ' ><div class='flex_cell_inner' ><\/div><\/div><\/div><div id='av-layout-grid-8'  class='av-layout-grid-container entry-content-wrapper main_color av-flex-cells     avia-builder-el-38  el_after_av_layout_row  el_before_av_layout_row  container submenu-not-first container_wrap sidebar_right' style=' '  >\n<div class=\"flex_cell no_margin av_one_fifth  avia-builder-el-39  el_before_av_cell_three_fifth  avia-builder-el-first   \" ><div class='flex_cell_inner' ><\/div><\/div><div class=\"flex_cell no_margin av_three_fifth  avia-builder-el-40  el_after_av_cell_one_fifth  el_before_av_cell_one_fifth   \"  style='vertical-align:top; padding:30px; ' ><div class='flex_cell_inner' ><p><div  class='avia-image-container  av-styling-    avia-builder-el-41  el_before_av_textblock  avia-builder-el-first  avia-align-center '  itemprop=\"image\" itemscope=\"itemscope\" itemtype=\"https:\/\/schema.org\/ImageObject\"  ><div class='avia-image-container-inner'><div class='avia-image-overlay-wrap'><img class='avia_image' src='http:\/\/rossahomeconcept.com\/wp-content\/uploads\/2021\/11\/lightlock-os-teaser.jpg' alt='' title='lightlock-os-teaser' height=\"400\" width=\"800\"  itemprop=\"thumbnailUrl\"  \/><\/div><\/div><\/div><br \/>\n<section class=\"av_textblock_section \"  itemscope=\"itemscope\" itemtype=\"https:\/\/schema.org\/CreativeWork\" ><div class='avia_textblock  '   itemprop=\"text\" ><h3>LIGHTLOCK\u2122<\/h3>\n<p>Yaln\u0131zca Duette\u00ae Honeycomb Shades ile kullan\u0131labilen LightLock\u2122 sistemimizle kendinize daha iyi bir gece uykusu hediye edin. Bu, benzersiz karartma yetene\u011fi sa\u011flayan t\u00fcr\u00fcn\u00fcn tek sistemidir. \u0130ster uyumak isteyin, ister film zaman\u0131 &#8211; sigortan\u0131z var. LiteRise\u00ae ve PowerView\u00ae Otomasyonu ile kullan\u0131labilir. LightLock\u2122 hakk\u0131nda daha fazla bilgi edinin<\/p>\n<\/div><\/section><\/p>\n<\/div><\/div><div class=\"flex_cell no_margin av_one_fifth  avia-builder-el-43  el_after_av_cell_three_fifth  avia-builder-el-last   \"  style='vertical-align:top; padding:30px; ' ><div class='flex_cell_inner' ><\/div><\/div><\/div><div id='av-layout-grid-9'  class='av-layout-grid-container entry-content-wrapper main_color av-flex-cells     avia-builder-el-44  el_after_av_layout_row  el_before_av_layout_row  container submenu-not-first container_wrap sidebar_right' style=' '  >\n<div class=\"flex_cell no_margin av_one_fifth  avia-builder-el-45  el_before_av_cell_three_fifth  avia-builder-el-first   \" ><div class='flex_cell_inner' ><\/div><\/div><div class=\"flex_cell no_margin av_three_fifth  avia-builder-el-46  el_after_av_cell_one_fifth  el_before_av_cell_one_fifth   \"  style='vertical-align:top; padding:30px; ' ><div class='flex_cell_inner' ><p><div  class='avia-image-container  av-styling-    avia-builder-el-47  el_before_av_textblock  avia-builder-el-first  avia-align-center '  itemprop=\"image\" itemscope=\"itemscope\" itemtype=\"https:\/\/schema.org\/ImageObject\"  ><div class='avia-image-container-inner'><div class='avia-image-overlay-wrap'><img class='avia_image' src='http:\/\/rossahomeconcept.com\/wp-content\/uploads\/2021\/11\/vertiglide-os-teaser_0.jpg' alt='' title='vertiglide-os-teaser_0' height=\"400\" width=\"800\"  itemprop=\"thumbnailUrl\"  \/><\/div><\/div><\/div><br \/>\n<section class=\"av_textblock_section \"  itemscope=\"itemscope\" itemtype=\"https:\/\/schema.org\/CreativeWork\" ><div class='avia_textblock  '   itemprop=\"text\" ><h3>VERTIGLIDE\u2122<\/h3>\n<p>Vertiglide\u2122 sistemimiz yan yana a\u00e7\u0131kl\u0131klar ve s\u00fcrg\u00fcl\u00fc cam kap\u0131lar i\u00e7in ideal se\u00e7imdir. Oda b\u00f6l\u00fcc\u00fc olarak da harika \u00e7al\u0131\u015f\u0131yor. \u00c7al\u0131\u015ft\u0131rma manuel veya motorlu olabilir. Vertiglide\u2122 hakk\u0131nda daha fazla bilgi edinin<\/p>\n<\/div><\/section><\/p>\n<\/div><\/div><div class=\"flex_cell no_margin av_one_fifth  avia-builder-el-49  el_after_av_cell_three_fifth  avia-builder-el-last   \"  style='vertical-align:top; padding:30px; ' ><div class='flex_cell_inner' ><\/div><\/div><\/div><div id='av-layout-grid-10'  class='av-layout-grid-container entry-content-wrapper main_color av-flex-cells     avia-builder-el-50  el_after_av_layout_row  el_before_av_layout_row  container submenu-not-first container_wrap sidebar_right' style=' '  >\n<div class=\"flex_cell no_margin av_one_fifth  avia-builder-el-51  el_before_av_cell_three_fifth  avia-builder-el-first   \" ><div class='flex_cell_inner' ><\/div><\/div><div class=\"flex_cell no_margin av_three_fifth  avia-builder-el-52  el_after_av_cell_one_fifth  el_before_av_cell_one_fifth   \"  style='vertical-align:top; padding:30px; ' ><div class='flex_cell_inner' ><p><div  class='avia-image-container  av-styling-    avia-builder-el-53  el_before_av_textblock  avia-builder-el-first  avia-align-center '  itemprop=\"image\" itemscope=\"itemscope\" itemtype=\"https:\/\/schema.org\/ImageObject\"  ><div class='avia-image-container-inner'><div class='avia-image-overlay-wrap'><img class='avia_image' src='http:\/\/rossahomeconcept.com\/wp-content\/uploads\/2021\/11\/trackglide-os-teaser2.jpg' alt='' title='trackglide-os-teaser2' height=\"400\" width=\"800\"  itemprop=\"thumbnailUrl\"  \/><\/div><\/div><\/div><br \/>\n<section class=\"av_textblock_section \"  itemscope=\"itemscope\" itemtype=\"https:\/\/schema.org\/CreativeWork\" ><div class='avia_textblock  '   itemprop=\"text\" ><h3>TRACKGLIDE\u2122<\/h3>\n<p>\u00d6zellikle Avrupa tarz\u0131 a\u00e7\u0131l\u0131r-d\u00f6ner pencereler i\u00e7in yap\u0131lm\u0131\u015f, Duette\u00ae Petek Perdeli TrackGlide\u2122 sistemi, pencereler bir kap\u0131 gibi salland\u0131\u011f\u0131nda veya \u00fcstten e\u011fildi\u011finde g\u00f6lgelikleri yerinde tutar. TrackGlide\u2122 hakk\u0131nda daha fazla bilgi edinin<\/p>\n<\/div><\/section><\/p>\n<\/div><\/div><div class=\"flex_cell no_margin av_one_fifth  avia-builder-el-55  el_after_av_cell_three_fifth  avia-builder-el-last   \"  style='vertical-align:top; padding:30px; ' ><div class='flex_cell_inner' ><\/div><\/div><\/div><div id='av-layout-grid-11'  class='av-layout-grid-container entry-content-wrapper main_color av-flex-cells     avia-builder-el-56  el_after_av_layout_row  el_before_av_layout_row  container submenu-not-first container_wrap sidebar_right' style=' '  >\n<div class=\"flex_cell no_margin av_one_fifth  avia-builder-el-57  el_before_av_cell_three_fifth  avia-builder-el-first   \" ><div class='flex_cell_inner' ><\/div><\/div><div class=\"flex_cell no_margin av_three_fifth  avia-builder-el-58  el_after_av_cell_one_fifth  el_before_av_cell_one_fifth   \"  style='vertical-align:top; padding:30px; ' ><div class='flex_cell_inner' ><p><div  class='avia-image-container  av-styling-    avia-builder-el-59  el_before_av_textblock  avia-builder-el-first  avia-align-center '  itemprop=\"image\" itemscope=\"itemscope\" itemtype=\"https:\/\/schema.org\/ImageObject\"  ><div class='avia-image-container-inner'><div class='avia-image-overlay-wrap'><img class='avia_image' src='http:\/\/rossahomeconcept.com\/wp-content\/uploads\/2021\/11\/duolite-os-teaser.jpg' alt='' title='duolite-os-teaser' height=\"400\" width=\"800\"  itemprop=\"thumbnailUrl\"  \/><\/div><\/div><\/div><br \/>\n<section class=\"av_textblock_section \"  itemscope=\"itemscope\" itemtype=\"https:\/\/schema.org\/CreativeWork\" ><div class='avia_textblock  '   itemprop=\"text\" ><h3>DUOLITE\u00ae<\/h3>\n<p>I\u015f\u0131\u011f\u0131 ve mahremiyeti kontrol etmek i\u00e7in ideal se\u00e7enek. Duolite\u00ae tasar\u0131m se\u00e7ene\u011fiyle kendinize en \u00fcst d\u00fczeyde esneklik kazand\u0131r\u0131n\u2014biri \u0131\u015f\u0131k filtreleme, di\u011feri oday\u0131 karartma olmak \u00fczere iki ayr\u0131 kuma\u015f\u0131 tek bir g\u00f6lgede birle\u015ftiren bir sistem. Hem manuel hem de motorlu i\u015fletimde mevcuttur. Duolite\u00ae hakk\u0131nda daha fazla bilgi edinin<\/p>\n<\/div><\/section><\/p>\n<\/div><\/div><div class=\"flex_cell no_margin av_one_fifth  avia-builder-el-61  el_after_av_cell_three_fifth  avia-builder-el-last   \"  style='vertical-align:top; padding:30px; ' ><div class='flex_cell_inner' ><\/div><\/div><\/div><div id='av-layout-grid-12'  class='av-layout-grid-container entry-content-wrapper main_color av-flex-cells     avia-builder-el-62  el_after_av_layout_row  el_before_av_layout_row  container submenu-not-first container_wrap sidebar_right' style=' '  >\n<div class=\"flex_cell no_margin av_one_fifth  avia-builder-el-63  el_before_av_cell_three_fifth  avia-builder-el-first   \" ><div class='flex_cell_inner' ><\/div><\/div><div class=\"flex_cell no_margin av_three_fifth  avia-builder-el-64  el_after_av_cell_one_fifth  el_before_av_cell_one_fifth   \"  style='vertical-align:top; padding:30px; ' ><div class='flex_cell_inner' ><p><div  class='avia-image-container  av-styling-    avia-builder-el-65  el_before_av_textblock  avia-builder-el-first  avia-align-center '  itemprop=\"image\" itemscope=\"itemscope\" itemtype=\"https:\/\/schema.org\/ImageObject\"  ><div class='avia-image-container-inner'><div class='avia-image-overlay-wrap'><img class='avia_image' src='http:\/\/rossahomeconcept.com\/wp-content\/uploads\/2021\/11\/vertical-motorized-system-os-teaser.jpg' alt='' title='vertical-motorized-system-os-teaser' height=\"400\" width=\"800\"  itemprop=\"thumbnailUrl\"  \/><\/div><\/div><\/div><br \/>\n<section class=\"av_textblock_section \"  itemscope=\"itemscope\" itemtype=\"https:\/\/schema.org\/CreativeWork\" ><div class='avia_textblock  '   itemprop=\"text\" ><h3>D\u0130KEY K\u00d6R\u00dcKLER \u0130\u00c7\u0130N MOTORLU \u0130\u015eLET\u0130M S\u0130STEM\u0130<\/h3>\n<p>Dikey motorlu sistemimiz ile ister koltukta ister yata\u011f\u0131n\u0131zda olsun dikey jaluzilerinizi sizin i\u00e7in rahat oldu\u011fu yerden ayarlayabilirsiniz &#8211; tek tu\u015fla rahatl\u0131k. Dikey Motorlu Sistem hakk\u0131nda daha fazla bilgi edinin<\/p>\n<\/div><\/section><\/p>\n<\/div><\/div><div class=\"flex_cell no_margin av_one_fifth  avia-builder-el-67  el_after_av_cell_three_fifth  avia-builder-el-last   \"  style='vertical-align:top; padding:30px; ' ><div class='flex_cell_inner' ><\/div><\/div><\/div><div id='av-layout-grid-13'  class='av-layout-grid-container entry-content-wrapper main_color av-flex-cells     avia-builder-el-68  el_after_av_layout_row  avia-builder-el-last  container submenu-not-first container_wrap sidebar_right' style=' '  >\n<div class=\"flex_cell no_margin av_one_fifth  avia-builder-el-69  el_before_av_cell_three_fifth  avia-builder-el-first   \" ><div class='flex_cell_inner' ><\/div><\/div><div class=\"flex_cell no_margin av_three_fifth  avia-builder-el-70  el_after_av_cell_one_fifth  el_before_av_cell_one_fifth   \"  style='vertical-align:top; padding:30px; ' ><div class='flex_cell_inner' ><p><div  class='avia-image-container  av-styling-    avia-builder-el-71  el_before_av_textblock  avia-builder-el-first  avia-align-center '  itemprop=\"image\" itemscope=\"itemscope\" itemtype=\"https:\/\/schema.org\/ImageObject\"  ><div class='avia-image-container-inner'><div class='avia-image-overlay-wrap'><img class='avia_image' src='http:\/\/rossahomeconcept.com\/wp-content\/uploads\/2021\/11\/skylift-os-teaser.jpg' alt='' title='skylift-os-teaser' height=\"400\" width=\"800\"  itemprop=\"thumbnailUrl\"  \/><\/div><\/div><\/div><br \/>\n<section class=\"av_textblock_section \"  itemscope=\"itemscope\" itemtype=\"https:\/\/schema.org\/CreativeWork\" ><div class='avia_textblock  '   itemprop=\"text\" ><h3>SKYLIFT\u2122 SKYLIGHT S\u0130STEM\u0130<\/h3>\n<p>SkyLift\u2122 \u0131\u015f\u0131kl\u0131k sistemi ile ula\u015f\u0131lmas\u0131 zor \u0131\u015f\u0131kl\u0131klar\u0131n kullan\u0131m\u0131 art\u0131k \u00e7ok kolay. \u0130ster motorlu, el krankl\u0131 veya teleskopik direk sistemi se\u00e7ene\u011fi se\u00e7in, evinizin \u00e7at\u0131 pencereleri \u00fczerinde kontrol sizde olacakt\u0131r. SkyLift\u2122 hakk\u0131nda daha fazla bilgi edinin<\/p>\n<\/div><\/section><\/p>\n<\/div><\/div><div class=\"flex_cell no_margin av_one_fifth  avia-builder-el-73  el_after_av_cell_three_fifth  avia-builder-el-last   \"  style='vertical-align:top; padding:30px; ' ><div class='flex_cell_inner' ><\/div><\/div><\/div><\/p>\n","protected":false},"excerpt":{"rendered":"","protected":false},"author":1,"featured_media":0,"parent":0,"menu_order":0,"comment_status":"closed","ping_status":"closed","template":"","meta":{"footnotes":""},"class_list":["post-3949","page","type-page","status-publish","hentry"],"_links":{"self":[{"href":"http:\/\/rossahomeconcept.com\/index.php\/wp-json\/wp\/v2\/pages\/3949","targetHints":{"allow":["GET"]}}],"collection":[{"href":"http:\/\/rossahomeconcept.com\/index.php\/wp-json\/wp\/v2\/pages"}],"about":[{"href":"http:\/\/rossahomeconcept.com\/index.php\/wp-json\/wp\/v2\/types\/page"}],"author":[{"embeddable":true,"href":"http:\/\/rossahomeconcept.com\/index.php\/wp-json\/wp\/v2\/users\/1"}],"replies":[{"embeddable":true,"href":"http:\/\/rossahomeconcept.com\/index.php\/wp-json\/wp\/v2\/comments?post=3949"}],"version-history":[{"count":17,"href":"http:\/\/rossahomeconcept.com\/index.php\/wp-json\/wp\/v2\/pages\/3949\/revisions"}],"predecessor-version":[{"id":4280,"href":"http:\/\/rossahomeconcept.com\/index.php\/wp-json\/wp\/v2\/pages\/3949\/revisions\/4280"}],"wp:attachment":[{"href":"http:\/\/rossahomeconcept.com\/index.php\/wp-json\/wp\/v2\/media?parent=3949"}],"curies":[{"name":"wp","href":"https:\/\/api.w.org\/{rel}","templated":true}]}}